{"id":562,"date":"2020-11-17T22:18:13","date_gmt":"2020-11-17T21:18:13","guid":{"rendered":"http:\/\/maisoncarballo.fr\/?page_id=562"},"modified":"2020-11-17T22:54:08","modified_gmt":"2020-11-17T21:54:08","slug":"traiteur-2","status":"publish","type":"page","link":"https:\/\/maisoncarballo.fr\/index.php\/traiteur-2\/","title":{"rendered":"TRAITEUR"},"content":{"rendered":"\n<p style=\"font-size:30px\"><strong>VOTRE \u00c9V\u00c9NEMENT M\u00c9RITE DES METS D&rsquo;EXCEPTION ET C&rsquo;EST BIEN NATUREL<\/strong><\/p>\n\n\n\n<p><\/p>\n\n\n\n<div class=\"wp-block-image\"><figure class=\"aligncenter is-resized\"><img decoding=\"async\" loading=\"lazy\" src=\"http:\/\/maisoncarballo.fr\/wp-content\/uploads\/2019\/03\/Canard-V2-e1553780771275.png\" alt=\"\" class=\"wp-image-94\" width=\"300\" height=\"300\"\/><figcaption>Canard r\u00f4ti, d\u00e9soss\u00e9 et farci au foie gras<\/figcaption><\/figure><\/div>\n\n\n\n<blockquote class=\"wp-block-quote\"><p>Nos \u00e9quipes mettent tout en oeuvre pour votre plus grande satisfaction. Un mariage, un anniversaire, une f\u00eate, une occasion&#8230;, m\u00e9rite un buffet, un lunch ou un repas adapt\u00e9 \u00e0 vos envies et votre budget !<\/p><p>L&rsquo;\u00e9quipe de la Maison Carballo en Royans Dr\u00f4me est \u00e0 votre \u00e9coute, n&rsquo;h\u00e9sitez pas \u00e0 nous contacter. <\/p><\/blockquote>\n","protected":false},"excerpt":{"rendered":"<p>VOTRE \u00c9V\u00c9NEMENT M\u00c9RITE DES METS D&rsquo;EXCEPTION ET C&rsquo;EST BIEN NATUREL Nos \u00e9quipes mettent tout en oeuvre pour votre plus grande satisfaction. Un mariage, un anniversaire, une f\u00eate, une occasion&#8230;, m\u00e9rite un buffet, un lunch ou un repas adapt\u00e9 \u00e0 vos envies et votre budget ! L&rsquo;\u00e9quipe de la Maison Carballo en Royans Dr\u00f4me est \u00e0<\/p><\/div>\n<div class=\"blog-btn\"><a href=\"https:\/\/maisoncarballo.fr\/index.php\/traiteur-2\/\" class=\"home-blog-btn\">Lire la suite<\/a><\/p>\n","protected":false},"author":1,"featured_media":0,"parent":0,"menu_order":0,"comment_status":"closed","ping_status":"closed","template":"","meta":[],"yoast_head":"<!-- This site is optimized with the Yoast SEO plugin v19.12 - https:\/\/yoast.com\/wordpress\/plugins\/seo\/ -->\n<title>TRAITEUR - Maison Carballo<\/title>\n<meta name=\"robots\" content=\"index, follow, max-snippet:-1, max-image-preview:large, max-video-preview:-1\" \/>\n<link rel=\"canonical\" href=\"https:\/\/maisoncarballo.fr\/index.php\/traiteur-2\/\" \/>\n<meta property=\"og:locale\" content=\"fr_FR\" \/>\n<meta property=\"og:type\" content=\"article\" \/>\n<meta property=\"og:title\" content=\"TRAITEUR - Maison Carballo\" \/>\n<meta property=\"og:description\" content=\"VOTRE \u00c9V\u00c9NEMENT M\u00c9RITE DES METS D&rsquo;EXCEPTION ET C&rsquo;EST BIEN NATUREL Nos \u00e9quipes mettent tout en oeuvre pour votre plus grande satisfaction. Un mariage, un anniversaire, une f\u00eate, une occasion&#8230;, m\u00e9rite un buffet, un lunch ou un repas adapt\u00e9 \u00e0 vos envies et votre budget ! L&rsquo;\u00e9quipe de la Maison Carballo en Royans Dr\u00f4me est \u00e0Lire la suite\" \/>\n<meta property=\"og:url\" content=\"https:\/\/maisoncarballo.fr\/index.php\/traiteur-2\/\" \/>\n<meta property=\"og:site_name\" content=\"Maison Carballo\" \/>\n<meta property=\"article:modified_time\" content=\"2020-11-17T21:54:08+00:00\" \/>\n<meta property=\"og:image\" content=\"http:\/\/maisoncarballo.fr\/wp-content\/uploads\/2019\/03\/Canard-V2-e1553780771275.png\" \/>\n<meta name=\"twitter:card\" content=\"summary_large_image\" \/>\n<script type=\"application\/ld+json\" class=\"yoast-schema-graph\">{\"@context\":\"https:\/\/schema.org\",\"@graph\":[{\"@type\":\"WebPage\",\"@id\":\"https:\/\/maisoncarballo.fr\/index.php\/traiteur-2\/\",\"url\":\"https:\/\/maisoncarballo.fr\/index.php\/traiteur-2\/\",\"name\":\"TRAITEUR - Maison Carballo\",\"isPartOf\":{\"@id\":\"https:\/\/maisoncarballo.fr\/#website\"},\"datePublished\":\"2020-11-17T21:18:13+00:00\",\"dateModified\":\"2020-11-17T21:54:08+00:00\",\"breadcrumb\":{\"@id\":\"https:\/\/maisoncarballo.fr\/index.php\/traiteur-2\/#breadcrumb\"},\"inLanguage\":\"fr-FR\",\"potentialAction\":[{\"@type\":\"ReadAction\",\"target\":[\"https:\/\/maisoncarballo.fr\/index.php\/traiteur-2\/\"]}]},{\"@type\":\"BreadcrumbList\",\"@id\":\"https:\/\/maisoncarballo.fr\/index.php\/traiteur-2\/#breadcrumb\",\"itemListElement\":[{\"@type\":\"ListItem\",\"position\":1,\"name\":\"Accueil\",\"item\":\"https:\/\/maisoncarballo.fr\/\"},{\"@type\":\"ListItem\",\"position\":2,\"name\":\"TRAITEUR\"}]},{\"@type\":\"WebSite\",\"@id\":\"https:\/\/maisoncarballo.fr\/#website\",\"url\":\"https:\/\/maisoncarballo.fr\/\",\"name\":\"Maison Carballo\",\"description\":\"Traiteur-Charcutier-Boucher\",\"publisher\":{\"@id\":\"https:\/\/maisoncarballo.fr\/#organization\"},\"potentialAction\":[{\"@type\":\"SearchAction\",\"target\":{\"@type\":\"EntryPoint\",\"urlTemplate\":\"https:\/\/maisoncarballo.fr\/?s={search_term_string}\"},\"query-input\":\"required name=search_term_string\"}],\"inLanguage\":\"fr-FR\"},{\"@type\":\"Organization\",\"@id\":\"https:\/\/maisoncarballo.fr\/#organization\",\"name\":\"Maison Carballo\",\"url\":\"https:\/\/maisoncarballo.fr\/\",\"logo\":{\"@type\":\"ImageObject\",\"inLanguage\":\"fr-FR\",\"@id\":\"https:\/\/maisoncarballo.fr\/#\/schema\/logo\/image\/\",\"url\":\"https:\/\/maisoncarballo.fr\/wp-content\/uploads\/2019\/03\/cropped-Logo-seul-V2-1.png\",\"contentUrl\":\"https:\/\/maisoncarballo.fr\/wp-content\/uploads\/2019\/03\/cropped-Logo-seul-V2-1.png\",\"width\":210,\"height\":124,\"caption\":\"Maison Carballo\"},\"image\":{\"@id\":\"https:\/\/maisoncarballo.fr\/#\/schema\/logo\/image\/\"}}]}<\/script>\n<!-- \/ Yoast SEO plugin. -->","yoast_head_json":{"title":"TRAITEUR - Maison Carballo","robots":{"index":"index","follow":"follow","max-snippet":"max-snippet:-1","max-image-preview":"max-image-preview:large","max-video-preview":"max-video-preview:-1"},"canonical":"https:\/\/maisoncarballo.fr\/index.php\/traiteur-2\/","og_locale":"fr_FR","og_type":"article","og_title":"TRAITEUR - Maison Carballo","og_description":"VOTRE \u00c9V\u00c9NEMENT M\u00c9RITE DES METS D&rsquo;EXCEPTION ET C&rsquo;EST BIEN NATUREL Nos \u00e9quipes mettent tout en oeuvre pour votre plus grande satisfaction. Un mariage, un anniversaire, une f\u00eate, une occasion&#8230;, m\u00e9rite un buffet, un lunch ou un repas adapt\u00e9 \u00e0 vos envies et votre budget ! L&rsquo;\u00e9quipe de la Maison Carballo en Royans Dr\u00f4me est \u00e0Lire la suite","og_url":"https:\/\/maisoncarballo.fr\/index.php\/traiteur-2\/","og_site_name":"Maison Carballo","article_modified_time":"2020-11-17T21:54:08+00:00","og_image":[{"url":"http:\/\/maisoncarballo.fr\/wp-content\/uploads\/2019\/03\/Canard-V2-e1553780771275.png"}],"twitter_card":"summary_large_image","schema":{"@context":"https:\/\/schema.org","@graph":[{"@type":"WebPage","@id":"https:\/\/maisoncarballo.fr\/index.php\/traiteur-2\/","url":"https:\/\/maisoncarballo.fr\/index.php\/traiteur-2\/","name":"TRAITEUR - Maison Carballo","isPartOf":{"@id":"https:\/\/maisoncarballo.fr\/#website"},"datePublished":"2020-11-17T21:18:13+00:00","dateModified":"2020-11-17T21:54:08+00:00","breadcrumb":{"@id":"https:\/\/maisoncarballo.fr\/index.php\/traiteur-2\/#breadcrumb"},"inLanguage":"fr-FR","potentialAction":[{"@type":"ReadAction","target":["https:\/\/maisoncarballo.fr\/index.php\/traiteur-2\/"]}]},{"@type":"BreadcrumbList","@id":"https:\/\/maisoncarballo.fr\/index.php\/traiteur-2\/#breadcrumb","itemListElement":[{"@type":"ListItem","position":1,"name":"Accueil","item":"https:\/\/maisoncarballo.fr\/"},{"@type":"ListItem","position":2,"name":"TRAITEUR"}]},{"@type":"WebSite","@id":"https:\/\/maisoncarballo.fr\/#website","url":"https:\/\/maisoncarballo.fr\/","name":"Maison Carballo","description":"Traiteur-Charcutier-Boucher","publisher":{"@id":"https:\/\/maisoncarballo.fr\/#organization"},"potentialAction":[{"@type":"SearchAction","target":{"@type":"EntryPoint","urlTemplate":"https:\/\/maisoncarballo.fr\/?s={search_term_string}"},"query-input":"required name=search_term_string"}],"inLanguage":"fr-FR"},{"@type":"Organization","@id":"https:\/\/maisoncarballo.fr\/#organization","name":"Maison Carballo","url":"https:\/\/maisoncarballo.fr\/","logo":{"@type":"ImageObject","inLanguage":"fr-FR","@id":"https:\/\/maisoncarballo.fr\/#\/schema\/logo\/image\/","url":"https:\/\/maisoncarballo.fr\/wp-content\/uploads\/2019\/03\/cropped-Logo-seul-V2-1.png","contentUrl":"https:\/\/maisoncarballo.fr\/wp-content\/uploads\/2019\/03\/cropped-Logo-seul-V2-1.png","width":210,"height":124,"caption":"Maison Carballo"},"image":{"@id":"https:\/\/maisoncarballo.fr\/#\/schema\/logo\/image\/"}}]}},"_links":{"self":[{"href":"https:\/\/maisoncarballo.fr\/index.php\/wp-json\/wp\/v2\/pages\/562"}],"collection":[{"href":"https:\/\/maisoncarballo.fr\/index.php\/wp-json\/wp\/v2\/pages"}],"about":[{"href":"https:\/\/maisoncarballo.fr\/index.php\/wp-json\/wp\/v2\/types\/page"}],"author":[{"embeddable":true,"href":"https:\/\/maisoncarballo.fr\/index.php\/wp-json\/wp\/v2\/users\/1"}],"replies":[{"embeddable":true,"href":"https:\/\/maisoncarballo.fr\/index.php\/wp-json\/wp\/v2\/comments?post=562"}],"version-history":[{"count":5,"href":"https:\/\/maisoncarballo.fr\/index.php\/wp-json\/wp\/v2\/pages\/562\/revisions"}],"predecessor-version":[{"id":586,"href":"https:\/\/maisoncarballo.fr\/index.php\/wp-json\/wp\/v2\/pages\/562\/revisions\/586"}],"wp:attachment":[{"href":"https:\/\/maisoncarballo.fr\/index.php\/wp-json\/wp\/v2\/media?parent=562"}],"curies":[{"name":"wp","href":"https:\/\/api.w.org\/{rel}","templated":true}]}}